{"id":277,"date":"2020-01-20T16:37:40","date_gmt":"2020-01-20T14:37:40","guid":{"rendered":"http:\/\/www.dizabil.eu\/info\/?page_id=277"},"modified":"2020-01-20T16:37:40","modified_gmt":"2020-01-20T14:37:40","slug":"sanatatea-ta","status":"publish","type":"page","link":"https:\/\/www.dizabil.eu\/info\/sanatatea-ta\/","title":{"rendered":"Sanatatea Ta"},"content":{"rendered":"<div class=\"pt-cv-wrapper\"><div class=\"pt-cv-view pt-cv-grid pt-cv-colsys\" id=\"pt-cv-view-676defdwvq\"><div data-id=\"pt-cv-page-1\" class=\"pt-cv-page\" data-cvc=\"1\"><div class=\"col-md-12 col-sm-12 col-xs-12 pt-cv-content-item pt-cv-2-col\" ><div class='pt-cv-ifield'><a href=\"https:\/\/www.dizabil.eu\/info\/ce-trebuie-sa-stim-despre-noul-coronavirus-covid-19\/\" class=\"_self pt-cv-href-thumbnail pt-cv-thumb-left\" target=\"_self\" ><img width=\"150\" height=\"150\" src=\"https:\/\/www.dizabil.eu\/info\/wp-content\/uploads\/2020\/03\/coronavirus-COVID19-150x150.jpg\" class=\"pt-cv-thumbnail pull-left no-lazy\" alt=\"coronavirus -COVID19\" loading=\"lazy\" \/><\/a>\n<div class=\"pt-cv-colwrap\"><h4 class=\"pt-cv-title\"><a href=\"https:\/\/www.dizabil.eu\/info\/ce-trebuie-sa-stim-despre-noul-coronavirus-covid-19\/\" class=\"_self\" target=\"_self\" >Ce trebuie s\u0103 \u0219tim despre noul coronavirus (COVID-19)<\/a><\/h4><div class=\"pt-cv-content\">Suntem in plin\u0103 pandemie de coronavirus. \u00cen Rom\u00e2nia au fost deja confirmate 139 de cazuri \u0219i se a\u0219teapt\u0103 o cre\u0219tere ...<br \/><a href=\"https:\/\/www.dizabil.eu\/info\/ce-trebuie-sa-stim-despre-noul-coronavirus-covid-19\/\" class=\"_self pt-cv-readmore btn btn-success\" target=\"_self\"><none><\/none><\/a><\/div><\/div><\/div><\/div>\n<div class=\"col-md-12 col-sm-12 col-xs-12 pt-cv-content-item pt-cv-2-col\" ><div class='pt-cv-ifield'><a href=\"https:\/\/www.dizabil.eu\/info\/romania-tineri-pe-picioare\/\" class=\"_self pt-cv-href-thumbnail pt-cv-thumb-left\" target=\"_self\" ><img width=\"150\" height=\"150\" src=\"http:\/\/dizabil.eu\/info\/content\/romania-tineri-pe-picioare_files\/auci0000.jpg\" class=\"pt-cv-thumbnail pull-left no-lazy\" alt=\"Romania \u2013 Tineri pe picioare\" loading=\"lazy\" \/><\/a>\n<div class=\"pt-cv-colwrap\"><h4 class=\"pt-cv-title\"><a href=\"https:\/\/www.dizabil.eu\/info\/romania-tineri-pe-picioare\/\" class=\"_self\" target=\"_self\" >Romania &#8211; Tineri pe picioare<\/a><\/h4><div class=\"pt-cv-content\">\u00a0\u00a0 ,,Romania- Tineri pe picioare\u2019\u2019 este unul dintre proiectele AUCI (Asociatia Universitara pentru Cooperare Internationala), Roma-Italia, in colaborare cu\u00a0 Fundatia ...<br \/><a href=\"https:\/\/www.dizabil.eu\/info\/romania-tineri-pe-picioare\/\" class=\"_self pt-cv-readmore btn btn-success\" target=\"_self\"><none><\/none><\/a><\/div><\/div><\/div><\/div>\n<div class=\"col-md-12 col-sm-12 col-xs-12 pt-cv-content-item pt-cv-2-col\" ><div class='pt-cv-ifield'><a href=\"https:\/\/www.dizabil.eu\/info\/dr-rados-djinovic-un-chirurg-de-exceptie\/\" class=\"_self pt-cv-href-thumbnail pt-cv-thumb-left\" target=\"_self\" ><img width=\"150\" height=\"150\" src=\"http:\/\/www.dizabil.eu\/info\/content2\/dr-rados-djinovic-un-chirurg-de-exceptie_files\/dr.jpg\" class=\"pt-cv-thumbnail pull-left no-lazy\" alt=\"Dr. Rados Djinovic, un chirurg de exceptie\" loading=\"lazy\" \/><\/a>\n<div class=\"pt-cv-colwrap\"><h4 class=\"pt-cv-title\"><a href=\"https:\/\/www.dizabil.eu\/info\/dr-rados-djinovic-un-chirurg-de-exceptie\/\" class=\"_self\" target=\"_self\" >Dr. Rados Djinovic, un chirurg de exceptie<\/a><\/h4><div class=\"pt-cv-content\">\u00a0 Dr. Djinovic Rados este actualul presedinte al funda\u0163iei Perovic, un chirurg de excep\u0163ie care are peste 24000 de ore ...<br \/><a href=\"https:\/\/www.dizabil.eu\/info\/dr-rados-djinovic-un-chirurg-de-exceptie\/\" class=\"_self pt-cv-readmore btn btn-success\" target=\"_self\"><none><\/none><\/a><\/div><\/div><\/div><\/div>\n<div class=\"col-md-12 col-sm-12 col-xs-12 pt-cv-content-item pt-cv-2-col\" ><div class='pt-cv-ifield'><a href=\"https:\/\/www.dizabil.eu\/info\/informatii-despre-cardul-de-sanatate\/\" class=\"_self pt-cv-href-thumbnail pt-cv-thumb-left\" target=\"_self\" ><img width=\"150\" height=\"150\" src=\"http:\/\/www.dizabil.eu\/info\/content2\/informatii-despre-cardul-de-sanatate_files\/card-sanatate.jpg\" class=\"pt-cv-thumbnail pull-left no-lazy\" alt=\"Informatii despre Cardul de Sanatate\" loading=\"lazy\" \/><\/a>\n<div class=\"pt-cv-colwrap\"><h4 class=\"pt-cv-title\"><a href=\"https:\/\/www.dizabil.eu\/info\/informatii-despre-cardul-de-sanatate\/\" class=\"_self\" target=\"_self\" >Informatii despre Cardul de Sanatate<\/a><\/h4><div class=\"pt-cv-content\">Cardul de s\u0103n\u0103tate devine obligatoriu de la 1 februarie 2015 at\u00e2t pentru asigura\u0163i, c\u00e2t \u015fi furnizorii de servicii medicale, medicamente ...<br \/><a href=\"https:\/\/www.dizabil.eu\/info\/informatii-despre-cardul-de-sanatate\/\" class=\"_self pt-cv-readmore btn btn-success\" target=\"_self\"><none><\/none><\/a><\/div><\/div><\/div><\/div>\n<div class=\"col-md-12 col-sm-12 col-xs-12 pt-cv-content-item pt-cv-2-col\" ><div class='pt-cv-ifield'><a href=\"https:\/\/www.dizabil.eu\/info\/stresul-si-efectele-lui\/\" class=\"_self pt-cv-href-thumbnail pt-cv-thumb-left\" target=\"_self\" ><img width=\"150\" height=\"150\" src=\"http:\/\/www.dizabil.eu\/info\/content\/Stresul%20si%20efectele%20lui%20_%20info.dizabil.eu_files\/stress_1.jpg\" class=\"pt-cv-thumbnail pull-left no-lazy\" alt=\"Stresul si efectele lui\" loading=\"lazy\" \/><\/a>\n<div class=\"pt-cv-colwrap\"><h4 class=\"pt-cv-title\"><a href=\"https:\/\/www.dizabil.eu\/info\/stresul-si-efectele-lui\/\" class=\"_self\" target=\"_self\" >Stresul si efectele lui<\/a><\/h4><div class=\"pt-cv-content\">Stres sau stress, reprezint\u0103 sindromul de adaptare pe care individul \u00eel realizeaz\u0103 \u00een urma agresiunilor mediului; ansamblu\u00a0 care cuprinde \u00eencordare, ...<br \/><a href=\"https:\/\/www.dizabil.eu\/info\/stresul-si-efectele-lui\/\" class=\"_self pt-cv-readmore btn btn-success\" target=\"_self\"><none><\/none><\/a><\/div><\/div><\/div><\/div>\n<div class=\"col-md-12 col-sm-12 col-xs-12 pt-cv-content-item pt-cv-2-col\" ><div class='pt-cv-ifield'><a href=\"https:\/\/www.dizabil.eu\/info\/painea-noastra-cea-de-toate-zilele\/\" class=\"_self pt-cv-href-thumbnail pt-cv-thumb-left\" target=\"_self\" ><img width=\"150\" height=\"150\" src=\"http:\/\/www.dizabil.eu\/info\/content\/painea-noastra-cea-de-toate-zilele_files\/paine000.png\" class=\"pt-cv-thumbnail pull-left no-lazy\" alt=\"Painea noastra cea de toate zilele\" loading=\"lazy\" \/><\/a>\n<div class=\"pt-cv-colwrap\"><h4 class=\"pt-cv-title\"><a href=\"https:\/\/www.dizabil.eu\/info\/painea-noastra-cea-de-toate-zilele\/\" class=\"_self\" target=\"_self\" >Painea noastra cea de toate zilele<\/a><\/h4><div class=\"pt-cv-content\">Painea este alimentul de baza in alimentatia noastra de zi cu zi, de aceea nutritionistii recomanda sa consumam paine neagra, ...<br \/><a href=\"https:\/\/www.dizabil.eu\/info\/painea-noastra-cea-de-toate-zilele\/\" class=\"_self pt-cv-readmore btn btn-success\" target=\"_self\"><none><\/none><\/a><\/div><\/div><\/div><\/div>\n<div class=\"col-md-12 col-sm-12 col-xs-12 pt-cv-content-item pt-cv-2-col\" ><div class='pt-cv-ifield'><a href=\"https:\/\/www.dizabil.eu\/info\/depresia-de-sarbatori\/\" class=\"_self pt-cv-href-thumbnail pt-cv-thumb-left\" target=\"_self\" ><img width=\"150\" height=\"150\" src=\"http:\/\/www.dizabil.eu\/info\/content\/depresia-de-sarbatori_files\/depresia.jpg\" class=\"pt-cv-thumbnail pull-left no-lazy\" alt=\"Depresia de sarbatori\" loading=\"lazy\" \/><\/a>\n<div class=\"pt-cv-colwrap\"><h4 class=\"pt-cv-title\"><a href=\"https:\/\/www.dizabil.eu\/info\/depresia-de-sarbatori\/\" class=\"_self\" target=\"_self\" >Depresia de sarbatori<\/a><\/h4><div class=\"pt-cv-content\">Pe parcursul anului oamenii se refugiaza\u00a0 in tot felul de activitati: lucreaza, ies cu prietenii, se duc la cumparaturi, la ...<br \/><a href=\"https:\/\/www.dizabil.eu\/info\/depresia-de-sarbatori\/\" class=\"_self pt-cv-readmore btn btn-success\" target=\"_self\"><none><\/none><\/a><\/div><\/div><\/div><\/div><\/div><\/div><\/div>\n","protected":false},"excerpt":{"rendered":"","protected":false},"author":1,"featured_media":0,"parent":0,"menu_order":0,"comment_status":"closed","ping_status":"closed","template":"","meta":{"cybocfi_hide_featured_image":""},"yoast_head":"<!-- This site is optimized with the Yoast SEO plugin v18.0 - https:\/\/yoast.com\/wordpress\/plugins\/seo\/ -->\n<title>Sanatatea Ta - info.dizabil.eu<\/title>\n<meta name=\"robots\" content=\"index, follow, max-snippet:-1, max-image-preview:large, max-video-preview:-1\" \/>\n<link rel=\"canonical\" href=\"https:\/\/www.dizabil.eu\/info\/sanatatea-ta\/\" \/>\n<meta property=\"og:locale\" content=\"ro_RO\" \/>\n<meta property=\"og:type\" content=\"article\" \/>\n<meta property=\"og:title\" content=\"Sanatatea Ta - info.dizabil.eu\" \/>\n<meta property=\"og:url\" content=\"https:\/\/www.dizabil.eu\/info\/sanatatea-ta\/\" \/>\n<meta property=\"og:site_name\" content=\"info.dizabil.eu\" \/>\n<meta name=\"twitter:card\" content=\"summary_large_image\" \/>\n<script type=\"application\/ld+json\" class=\"yoast-schema-graph\">{\"@context\":\"https:\/\/schema.org\",\"@graph\":[{\"@type\":\"WebSite\",\"@id\":\"https:\/\/www.dizabil.eu\/info\/#website\",\"url\":\"https:\/\/www.dizabil.eu\/info\/\",\"name\":\"info.dizabil.eu\",\"description\":\"site destinat persoanelor cu dizabilitati\",\"potentialAction\":[{\"@type\":\"SearchAction\",\"target\":{\"@type\":\"EntryPoint\",\"urlTemplate\":\"https:\/\/www.dizabil.eu\/info\/?s={search_term_string}\"},\"query-input\":\"required name=search_term_string\"}],\"inLanguage\":\"ro-RO\"},{\"@type\":\"WebPage\",\"@id\":\"https:\/\/www.dizabil.eu\/info\/sanatatea-ta\/#webpage\",\"url\":\"https:\/\/www.dizabil.eu\/info\/sanatatea-ta\/\",\"name\":\"Sanatatea Ta - info.dizabil.eu\",\"isPartOf\":{\"@id\":\"https:\/\/www.dizabil.eu\/info\/#website\"},\"datePublished\":\"2020-01-20T14:37:40+00:00\",\"dateModified\":\"2020-01-20T14:37:40+00:00\",\"breadcrumb\":{\"@id\":\"https:\/\/www.dizabil.eu\/info\/sanatatea-ta\/#breadcrumb\"},\"inLanguage\":\"ro-RO\",\"potentialAction\":[{\"@type\":\"ReadAction\",\"target\":[\"https:\/\/www.dizabil.eu\/info\/sanatatea-ta\/\"]}]},{\"@type\":\"BreadcrumbList\",\"@id\":\"https:\/\/www.dizabil.eu\/info\/sanatatea-ta\/#breadcrumb\",\"itemListElement\":[{\"@type\":\"ListItem\",\"position\":1,\"name\":\"Prima pagin\u0103\",\"item\":\"https:\/\/www.dizabil.eu\/info\/\"},{\"@type\":\"ListItem\",\"position\":2,\"name\":\"Sanatatea Ta\"}]}]}<\/script>\n<!-- \/ Yoast SEO plugin. -->","yoast_head_json":{"title":"Sanatatea Ta - info.dizabil.eu","robots":{"index":"index","follow":"follow","max-snippet":"max-snippet:-1","max-image-preview":"max-image-preview:large","max-video-preview":"max-video-preview:-1"},"canonical":"https:\/\/www.dizabil.eu\/info\/sanatatea-ta\/","og_locale":"ro_RO","og_type":"article","og_title":"Sanatatea Ta - info.dizabil.eu","og_url":"https:\/\/www.dizabil.eu\/info\/sanatatea-ta\/","og_site_name":"info.dizabil.eu","twitter_card":"summary_large_image","schema":{"@context":"https:\/\/schema.org","@graph":[{"@type":"WebSite","@id":"https:\/\/www.dizabil.eu\/info\/#website","url":"https:\/\/www.dizabil.eu\/info\/","name":"info.dizabil.eu","description":"site destinat persoanelor cu dizabilitati","potentialAction":[{"@type":"SearchAction","target":{"@type":"EntryPoint","urlTemplate":"https:\/\/www.dizabil.eu\/info\/?s={search_term_string}"},"query-input":"required name=search_term_string"}],"inLanguage":"ro-RO"},{"@type":"WebPage","@id":"https:\/\/www.dizabil.eu\/info\/sanatatea-ta\/#webpage","url":"https:\/\/www.dizabil.eu\/info\/sanatatea-ta\/","name":"Sanatatea Ta - info.dizabil.eu","isPartOf":{"@id":"https:\/\/www.dizabil.eu\/info\/#website"},"datePublished":"2020-01-20T14:37:40+00:00","dateModified":"2020-01-20T14:37:40+00:00","breadcrumb":{"@id":"https:\/\/www.dizabil.eu\/info\/sanatatea-ta\/#breadcrumb"},"inLanguage":"ro-RO","potentialAction":[{"@type":"ReadAction","target":["https:\/\/www.dizabil.eu\/info\/sanatatea-ta\/"]}]},{"@type":"BreadcrumbList","@id":"https:\/\/www.dizabil.eu\/info\/sanatatea-ta\/#breadcrumb","itemListElement":[{"@type":"ListItem","position":1,"name":"Prima pagin\u0103","item":"https:\/\/www.dizabil.eu\/info\/"},{"@type":"ListItem","position":2,"name":"Sanatatea Ta"}]}]}},"_links":{"self":[{"href":"https:\/\/www.dizabil.eu\/info\/wp-json\/wp\/v2\/pages\/277"}],"collection":[{"href":"https:\/\/www.dizabil.eu\/info\/wp-json\/wp\/v2\/pages"}],"about":[{"href":"https:\/\/www.dizabil.eu\/info\/wp-json\/wp\/v2\/types\/page"}],"author":[{"embeddable":true,"href":"https:\/\/www.dizabil.eu\/info\/wp-json\/wp\/v2\/users\/1"}],"replies":[{"embeddable":true,"href":"https:\/\/www.dizabil.eu\/info\/wp-json\/wp\/v2\/comments?post=277"}],"version-history":[{"count":1,"href":"https:\/\/www.dizabil.eu\/info\/wp-json\/wp\/v2\/pages\/277\/revisions"}],"predecessor-version":[{"id":279,"href":"https:\/\/www.dizabil.eu\/info\/wp-json\/wp\/v2\/pages\/277\/revisions\/279"}],"wp:attachment":[{"href":"https:\/\/www.dizabil.eu\/info\/wp-json\/wp\/v2\/media?parent=277"}],"curies":[{"name":"wp","href":"https:\/\/api.w.org\/{rel}","templated":true}]}}